342 + 315. Let l = r - c. List the prime factors of l.
59
Suppose 3 = -3*d, 11*j = 4*j - 3*d + 13801. What are the prime factors of j?
2, 17, 29
Let r be ((-76)/28 - -3)/(1/7). Suppose r*w + 4*x - 234 = 3*x, 0 = 4*w + 5*x - 462. What are the prime factors of w?
2, 59
Let v = -66 + 111. Suppose o + 30 = p - 5*p, 3*p - v = 3*o. List the prime factors of (-79)/(-6)*(o + 24).
79
Let y(z) = 452*z + 6290. List the prime factors of y(48).
2, 7, 1999
Let b be (-1 - -3)/(21/(-378)). Let h be ((-146)/(-4))/(6*(-1)/b). Suppose 180 = 3*g - h. List the prime factors of g.
7, 19
Suppose 1759923 + 2269197 = 80*m. What are the prime factors of m?
2, 3, 1399
Let w(b) = b**2 - 21*b - 2. Let f be w(21). What are the prime factors of (996/15)/(f/(7 + -27))?
2, 83
Let g(u) be the second derivative of u**2 - 3/2*u**3 - 14*u + 0. What are the prime factors of g(-5)?
47
Let h(q) = 1025*q**2 - 84*q + 350. List the prime factors of h(4).
2, 29, 283
Let a(x) = 13*x + 12. Let y(w) = w - 11. Let b(q) = a(q) + 3*y(q). Suppose -52 = -4*h - 2*k, 2*k + 14 = h + h. What are the prime factors of b(h)?
5, 31
Let u(b) = b**2 - 10*b + 38. Let l be u(-10). Suppose -920 = -243*k + l*k. List the prime factors of k.
2, 23
Suppose 177*x - 158*x = 57. Suppose x*l - 2*r = 1443, r - 1452 = -0*l - 3*l. List the prime factors of l.
3, 7, 23
Suppose 5 - 113 = -3*f. Suppose -f*a - 5260 = -40*a. Suppose 4*q = -q + a. List the prime factors of q.
263
Suppose -3*l + 2*o = 1153, -12 = 2*o - 4. Let u = -43 - l. What are the prime factors of u?
2, 43
Suppose -32 = 5*p - 3*p. Let v be 14*2/p + (-2)/8. List the prime factors of (-3)/v + (-334)/(-4).
5, 17
Let q be (-35301)/(-14) + -5*2/(-4). Suppose 0 = -2*p + 4*w + q, 0*w - 4*w = -12. What are the prime factors of p?
2, 317
Let a(k) = -3*k**2 - 4*k**2 - 3*k**2 + 7*k**3 + 5*k**2 + 8*k**3 - 9*k + 4. What are the prime factors of a(4)?
2, 53
List the prime factors of (20 - 1) + -4 + 12535.
2, 5, 251
Suppose b + 3444 = 2*b + 4*g, 0 = -4*b + g + 13725. Suppose 4*s + 668 = q, 2*q - 7*q + b = 3*s. List the prime factors of q/10 + 1*4/(-10).
2, 17
Let z(d) = 2*d**2 - 9*d + 5. Let n = -2 - -6. Suppose -2*m - n*c + 17 = -3, -3*c = -6. List the prime factors of z(m).
23
Let b(g) = -g**3 - 38*g**2 - 30*g - 253. What are the prime factors of b(-40)?
11, 13, 29
Let r(k) = -31*k + 2. Let c be r(1). Let h = c - 4. Let g = h - -99. What are the prime factors of g?
2, 3, 11
Let i(j) = 23*j + 5. Let y be (1 - -4) + 0 + 4. Let k be i(y). Suppose 5*b - k = -72. List the prime factors of b.
2, 7
Suppose 5*k = -15, -3*a + 129004 = -k - 47567. List the prime factors of a.
2, 7, 1051
Suppose -o + 41333 = -5*j, 3*j = -9*o + 12*o - 123903. List the prime factors of o.
7, 17, 347
Suppose -3*f - 2*f = u - 40207, -f - u + 8043 = 0. List the prime factors of f.
11, 17, 43
Suppose 43*t - 44*t = -1860. What are the prime factors of t?
2, 3, 5, 31
Let r(m) = 6*m**3 - 13*m**2 + 11*m + 45. Let j(k) = 7*k**3 - 12*k**2 + 10*k + 46. Let s(l) = 5*j(l) - 6*r(l). List the prime factors of s(16).
2, 3
Let u = -982 + 8441. What are the prime factors of u?
7459
Let u be (-45)/(-10) - 2/(-4). Let n(r) = 2*r**2 - 2*r + 12. What are the prime factors of n(u)?
2, 13
Suppose q = 3*v - 36058, -1643 = -2*v + q + 22394. List the prime factors of v.
3, 4007
Let z(d) = -5*d**2 - 15*d - 28 + 13*d**2 + d**2. List the prime factors of z(8).
2, 107
Let p = 6636 - 3205. List the prime factors of p.
47, 73
Let i(t) = 42*t - 37. Let m be i(7). List the prime factors of (m/(-2))/(22/(-20) + 1).
5, 257
Let y be (-4)/(-8) - 1570/20. Let i = 356 - 210. Let c = y + i. List the prime factors of c.
2, 17
Suppose -48*v - 2*d = -51*v + 107810, 4*d = 5*v - 179678. List the prime factors of v.
2, 17971
Suppose -i = 2*t - 22, -6 = -4*i + 2. Let l(g) = g**2 - 3*g - 9. Let r be l(t). Let d = r - -24. What are the prime factors of d?
5, 17
Suppose -596176 = 865*j - 879*j. List the prime factors of j.
2, 5323
Let b(c) = 15 - c**2 - 10*c + 1 + c. Let l be b(-10). Suppose -105 - 21 = -l*v. What are the prime factors of v?
3, 7
Suppose -2*t + 5*l = -104908, 5*t + 3*l - 111584 = 150593. What are the prime factors of t?
41, 1279
Let l(u) = -23*u**2 - u + 103. Let i(r) = 71*r**2 + 4*r - 310. Let w(c) = -2*i(c) - 7*l(c). What are the prime factors of w(-8)?
1123
Let o(p) = 2*p**3 - 3*p**2 - p + 2. Let v = -21 + 23. Let n be o(v). What are the prime factors of n/(-4) + 74 + 2?
3, 5
Let i be 2/(-4) + (-575)/10. Suppose -504 - 306 = -5*w. Let k = i + w. List the prime factors of k.
2, 13
Let l(w) = -85 + 10*w - 5*w + 18*w - 6*w + 8*w. List the prime factors of l(6).
5, 13
Let o = -314 - -293. What are the prime factors of (4 - o)/((-7)/(-203))?
5, 29
Let r be (-3)/(1 - -2)*(-6)/3. Suppose -14 = -r*z + 86. Let w = z - 43. List the prime factors of w.
7
Suppose 2*y - 16 - 24 = 0. Suppose -9*q = -4*q - y. Suppose -6*i + q*i + 18 = 0. List the prime factors of i.
3
List the prime factors of -1 - (-21872 + (7 - 11)) - 5.
2, 3, 5
Suppose -55 + 31 = -12*n. Suppose -g + n*m + 539 = 7*m, 4*g - 2*m - 2266 = 0. What are the prime factors of g?
2, 3, 47
Let g(j) = -45*j**2 + 3*j - 1 - 10*j + 41*j**2. Let m be g(-2). List the prime factors of (m + 1 + 0)/(28/(-294)).
3, 7
Let k be (52/(-8) - -7)/(1/702). Suppose -x + 0*d = d - k, -4*d = -3*x + 1053. List the prime factors of x.
3, 13
Let z = 17 - 17. Suppose 3*p = 4*l + 94, z*l - 5*l - 46 = -p. Suppose -p*b + 21*b = -525. What are the prime factors of b?
3, 5, 7
Let q = -179 - -72. Let x = 5631 + -5832. Let a = q - x. List the prime factors of a.
2, 47
Suppose -a + 126 + 308 = 0. Suppose 3*k - 438 - a = -5*q, -2*q + 289 = k. Suppose -k = -9*r + 160. What are the prime factors of r?
3, 17
Let t be (-918)/(-24) - (-3)/(-12). Let u = t - -39. Let s = 162 - u. List the prime factors of s.
5, 17
Suppose 0 = 26*h - 262 + 2. Suppose 3 = 2*b - 3. Suppose -3*y + 2*k + 587 = 0, 11*k - 584 = -b*y + h*k. What are the prime factors of y?
3, 5, 13
Let s be 10/(-14) - 9504/(-1232). Suppose -3 = 5*x - 4*v, 0*v = -2*x + v. List the prime factors of (-2)/s - (-7920)/35 - x.
3, 5
Suppose -97954 + 68593 = -16*s + 138239. What are the prime factors of s?
5, 419
Let c be (-15)/6*44/(-55). Suppose 3*m - c*q - 4448 = 0, -q - 7405 = -5*m + 4*q. What are the prime factors of m?
2, 743
Let y = -2581 - -3994. Suppose -2*p - p - 5*s + y = 0, -3*s + 1413 = 3*p. What are the prime factors of p?
3, 157
Suppose -35*l - 21694 = -172*l + 210658. List the prime factors of l.
2, 53
Let a be (-11)/(-176) + 2110/32. What are the prime factors of (-12)/a - (-30808)/44?
2, 5, 7
Let q(w) = -17*w**3 + 90*w**2 + 1399*w - 9. What are the prime factors of q(-13)?
7, 4909
Suppose -51*x = -68*x + 226389. What are the prime factors of x?
3, 23, 193
Let k(o) = -o**2 + 2*o + 55. Let t be k(8). Let x(j) = 62*j + 11. What are the prime factors of x(t)?
5, 89
Suppose -28*c = -60839 + 32730 - 59251. List the prime factors of c.
2, 3, 5, 13
Let x(z) = -z**2 - 12*z - 22. Let r be x(-9). Let n(y) = y**3 - 3*y + 2*y + 21 - r*y - 7*y**2 - 2*y**3. List the prime factors of n(-9).
3, 79
Let k(x) = 4*x**3 - 111*x**2 - 10*x - 91. List the prime factors of k(28).
7, 59
Suppose 5*z + 19*z = 680266 - 33802. What are the prime factors of z?
2, 7, 13, 37
Let y = 371 - 367. Let g(p) = 24*p**2 + 2*p + 6. List the prime factors of g(y).
2, 199
Let y = 13512 - 24894. Let c = 24022 - 24029. What are the prime factors of 1/2 + (y/12)/c?
2, 17
Let x = 100 + -95. Suppose -x*b - 5*k + 1850 = 0, -b - b = -3*k - 755. What are the prime factors of b?
373
What are the prime factors of ((-363)/22)/(5/(14520/(-2922)) - -1)?
2, 11
Suppose -43*z + 4425660 = 164*z. What are the prime factors of z?
2, 5, 1069
Let c = 70 + -70. Suppose 0 = -5*k - 4*l + 7215, c = k - 4*k - 4*l + 4329. What are the prime factors of k?
3, 13, 37
Suppose -203365 + 150485 - 218300 = -13*i. What are the prime factors of i?
2, 5, 7, 149
Let x = 372 + -370. List the prime factors of (x/(-4))/((-11692)/(-5848) - 2).
17, 43
Suppose 3297 = 6*d + d. Suppose 17*u - 20*u = -d. List the prime factors of u.
157
Let w = -567 - -573. What are the prime factors of w + -6 - -2 - -367?
3, 41
Let t(w) = -456*w**2 - 4*w + 12. Let x be t(2). Let p = x + 3297. List the prime factors of p.
7, 211
Let c(a) = a**3 + 8*a**2 +